t*h(x) - o(x). Let c(a) = -d(a) - 6*w(a). What is c(-4)?
3
Let f(v) = -v - 4. Let q = 7289 + -7266. Calculate f(q).
-27
Let m(p) = 3*p + 2. Let j(b) = 3*b**2 - 34*b - 5. Let n be j(11). Let k = n + 17. Let x(y) = -3*y**2 + y. Let d be x(k). Calculate m(d).
-4
Let t(r) = -r**3 + 6*r**2 + r - 6. Suppose -4*u = -4, 3*n = u + 31 + 55. Suppose -m - 15 = 8. Let o = n + m. What is t(o)?
0
Suppose -43*y + 45*y - 14 = 0. Let a(i) = -i**3 + 9*i**2 - 13*i + 4. What is a(y)?
11
Suppose 0*t + 3*t = -2*h + 196, -t + 68 = 2*h. Let n = -62 + t. Suppose 0 = 2*f + 4*l + 3 + 13, n*l + 10 = 0. Let c(r) = r**3 - 2*r**2 - 2*r + 2. What is c(f)?
-2
Let l be (-2)/((3 + -4)/1). Suppose 2*a + 8 = 0, 0 = l*t + t + 3*a. Suppose 2*r + 10 = t*b, 2*b + 5*r - 35 = -3*b. Let q(i) = -i + 1. What is q(b)?
-3
Let c(v) = 2*v**2 + 7*v**2 + 0*v**2 + 6*v**2 - 17*v - 21*v**2 + 17 + v**3. Determine c(6).
-85
Suppose 29*s - 26*s + 5*z = -6, -2*s - 2*z = 0. Let a(d) = 3*d**2 + 36*d**3 + 1 - 65*d**3 - d + 28*d**s. What is a(2)?
3
Let s(c) = 6*c - 17*c**2 + 20*c**2 + 0 - 5 + 4 + 3. Calculate s(-4).
26
Let x(m) = 3*m**2 - 5*m - 1. Suppose 2*d + 34 = 4*h + 12, 41 = 10*h - 3*d. Determine x(h).
1
Let r(q) = 7*q - 13. Let p(o) be the first derivative of 6*o**2 - 25*o + 78. Let j(c) = 4*p(c) - 7*r(c). Calculate j(0).
-9
Let o(v) = 7 - 873*v - 873*v - 866*v + 2603*v. What is o(0)?
7
Let q(o) = o**3 + 14*o**2 + 13*o - 11. Let s be q(-13). Let h(m) be the second derivative of -m**3/3 - 13*m**2 - 1958*m. Determine h(s).
-4
Let f(y) = y**3 - y**2 + y + 5. Let p(c) = 7*c**3 + 4*c**2 - 13*c + 54. Let v(o) = -8*f(o) + p(o). What is v(10)?
4
Suppose 5*c + 14*a = 10*a + 133, -2*a + 4 = 0. Let g(i) be the first derivative of -1/2*i**4 - 1/3*i**3 + i + 0*i**2 + c. Determine g(-2).
13
Suppose -69*k - 638 = 1018. Let y(d) = 3*d**2 - 48*d + 9. Let u(z) = -2*z**2 + 24*z - 4. Let m(h) = -5*u(h) - 3*y(h). What is m(k)?
-7
Let s(n) = n**3 - 12*n**2 - 14*n + 19. Let y = -26666 + 26679. Give s(y).
6
Let a(o) = o**2 - 12*o - 17. Let s be 85/20 - (-315)/180. Determine a(s).
-53
Let h(w) be the first derivative of w**3/6 + w**2 + 59*w - 30. Let p(z) be the first derivative of h(z). Give p(-1).
1
Let b = 1033 + -1029. Let q(h) = -h + 6*h + 8 - 6*h - 2*h. Determine q(b).
-4
Let p be (10 + 2002/(-195))/(-15 - 1). Let c(s) be the third derivative of 0*s**3 - 5/12*s**4 - p*s**5 + 36*s**2 + 0*s + 0. Give c(-10).
0
Let t(f) = -112*f - 1428. Let z(h) = 13*h + 168. Let l(j) = -5*t(j) - 42*z(j). Give l(-6).
0
Suppose 75*w - 57*w + 144 = 0. Let z(g) = 2*g**3 + 19*g**2 + 25*g + 17. Determine z(w).
9
Let t(i) = 3*i**2 - 40*i - 14. Let y(l) = 14*l - 105. Let w be y(8). Let d(r) = -r**2 + 13*r + 4. Let j(z) = w*d(z) + 2*t(z). What is j(10)?
10
Let u be -2 + (-241)/10 - (-17 - (-2366)/140). Let b(k) = -k**3 - 27*k**2 - 24*k + 24. Give b(u).
-28
Let o(g) = g**3 + 9*g**2 + 5 - 1 - 10*g + 0*g**3. Let n(w) = -245*w + 7. Let z be n(1). Let q = 228 + z. Give o(q).
4
Let u(l) be the third derivative of l**5/30 - l**3/6 - 36*l**2. Let k(g) = g**2 - 12*g + 15. Let f be k(7). Let o be f/35 - 3/7. What is u(o)?
1
Let i(r) be the second derivative of -r**5/20 + r**4/3 - r**3/2 - 2*r**2 - 857*r. What is i(2)?
-2
Let q(f) be the second derivative of -18 + 0*f**3 + 1/12*f**4 - 2*f**2 - 2*f. Determine q(5).
21
Let a(r) = 3*r**2 + 100*r + 828. Let b(o) = o**2 + 34*o + 276. Let y(h) = 4*a(h) - 11*b(h). Let w(p) be the first derivative of y(p). Determine w(-10).
6
Let h(c) be the second derivative of -14*c**3/3 + 195*c**2/2 + 3005*c. Determine h(7).
-1
Let n be -4*(-2)/4*504/112. Suppose -n*m + 70 = 5*m. Let b(l) = -l**2 + 7*l - 4. Give b(m).
6
Let p be ((-2)/(-4) + 0)*-252. Let y = p + 128. Let i(l) = l**3 - l**2 - l - 1. Give i(y).
1
Let i(k) = -7*k. Let u(l) = -6*l + 12. Let q be u(-6). Suppose 20*h = 14*h + q. Suppose 28 = h*w + 6*w. What is i(w)?
-14
Suppose b - 4*m = 21, -5*b - 4*m + 1 = -32. Let a(z) = 4*z**3 - 86*z**2 - 4*z - 3. Let j(x) = x**3 - 19*x**2 - x + 1. Let r(t) = -a(t) + 5*j(t). Determine r(b).
-1
Let z(t) = t**3 - 12*t**2 - 13*t + 7. Let u be z(13). Let i(j) = -j - 90. Let c(x) = -6*x - 478. Let s(n) = 3*c(n) - 16*i(n). Determine s(u).
-8
Let q(n) = -n**3 + 9*n**2 - 5*n - 14. Suppose -5*k = 12 - 52. Give q(k).
10
Let y be -2 + 7*4/(-56)*-436. Let l(g) = -y - 4*g + 211 + 3*g. Determine l(-4).
-1
Let p(m) be the first derivative of -m**4/4 + 15*m**3 + m**2/2 - 50*m - 5087. Give p(45).
-5
Suppose -16 + 14 = 2*y. Let r be y + (3 - 1) + (-1)/1. Let x(t) = -10*t**2 - 2*t**2 + r*t**3 + 5*t**2 + 8 + t**3. Give x(7).
8
Suppose 2*l - 6*l = 8, 0 = -5*b - 3*l + 4. Let d(j) = 312*j**2 - 163*j**b + j**3 + 11*j - 157*j**2 - 5. Calculate d(7).
23
Let x(f) = -2*f**2 + 21*f - 99. Let s(q) = -3*q**2 + 26*q - 127. Let a(d) = 3*s(d) - 4*x(d). What is a(-8)?
-1
Let i(p) = -6*p + 5*p**2 + p**2 + 5 - 7*p**2. Let h(q) = 6*q - 12. Let f(o) = -o + 1. Let z(b) = 5*f(b) + h(b). Let k be z(2). Calculate i(k).
10
Let k(z) = -80*z - 220. Let p(g) = -258*g - 662. Let x(u) = 13*k(u) - 4*p(u). Calculate x(-26).
-4
Let s(r) be the third derivative of -r**4/8 + 11*r**3/3 - 10602*r**2. Calculate s(4).
10
Let n(p) = 13*p**3 - p**2 - 439*p + 440. Let m be n(1). Let s(z) = 20*z - 252. Determine s(m).
8
Let z = 3889 + -3884. Let c(w) be the third derivative of -1/6*w**3 + 0 - 7/24*w**4 + 0*w - 1/60*w**z - 10*w**2. Calculate c(-5).
9
Let d be (258/54)/(6/9) - (-10)/(-60). Let l(q) = -5*q + 35. What is l(d)?
0
Let t(x) = -3917*x**2 + 70*x**3 + 3859*x**2 + 8 - 69*x**3 - 120*x. Give t(60).
8
Let y(k) be the second derivative of k**5/20 - k**4/2 - 2*k**3/3 - 2*k**2 + 1106*k. Determine y(7).
17
Let v(x) = -4383 + 2243 + 2138 + 8*x. Give v(-6).
-50
Suppose -1 = y - 6. Suppose -3*i + 9 = 8*u - 11*u, -2*i = -5*u - 6. Suppose 0 = -3*h - 8*k + 3*k - 35, -y*k - 20 = u. Let a(f) = 2*f + 3. Calculate a(h).
-7
Let a(w) = -23*w**2 + 4*w + 3. Suppose -66*p + 76 = -104*p. Calculate a(p).
-97
Let z(k) = 31*k**3 - k**2. Let u(m) = -63*m**3 + 26*m**2 - 94*m - 12. Let l(q) = u(q) + 2*z(q). What is l(19)?
7
Let c(w) be the third derivative of w**6/120 + w**5/60 - w**4/12 + 4*w**3/3 - 12012*w**2. Give c(-3).
-4
Let k(o) be the second derivative of -o**5/20 + 5*o**4/2 + 67*o**3/6 - 99*o**2/2 + 526*o - 5. Determine k(32).
-3
Let g(u) be the second derivative of -u**5/5 + u**4/6 + u**3/2 + u**2/2 + u - 758. What is g(-2)?
35
Let t(y) = -y + 46. Let p be t(28). Let w(d) = d**2 + 4*d + 4. Let v be w(-4). Suppose -v*a = -10 + p. Let s(z) = z**3 + 3*z**2 + z - 2. What is s(a)?
0
Let q be (-5)/(-15) - (2 + (-30)/(-9)). Let a(m) = 2*m**3 - 4*m**2 - 11*m + 6. Let v(o) = -o**3 + 2*o**2 + 6*o - 3. Let r(j) = q*v(j) - 3*a(j). Determine r(2).
3
Let k(o) be the third derivative of -o**6/60 + o**5/15 - o**4/6 + o**3/3 + 186*o**2 + 13. Let m(u) = u - 3. Let f be m(5). Determine k(f).
-6
Let j(f) = -78*f**2 + 3*f - 10. Let y be j(-3). Let m = -713 - y. Let q(l) = -l + 9. Determine q(m).
1
Let f(l) = -l + 85*l**3 + 84*l**3 - 168*l**3 - 6 - 32*l**2 + 24 + 8. What is f(32)?
-6
Let u(d) = -21*d**3 - 2*d + 1. Let g(b) = -43*b**3 - b**2 - 4*b + 2. Let z(p) = 2*g(p) - 5*u(p). Suppose 20*k + 58 + 13 = 91*k. Determine z(k).
18
Let i(l) = -l**2 + 84*l - 670. Let g be i(75). Let u(n) = 1 - 5*n**2 + 2*n**3 + 0*n**2 - n**3. Determine u(g).
1
Suppose -4*q = q - 15. Let p(b) = 29*b + 5. Let j(f) = 16*f + 3. Suppose -6 = 2*a - 4*a - 3*i, -4*a + 2*i + 28 = 0. Let k(w) = a*p(w) - 11*j(w). Give k(q).
-9
Let m(n) = 2*n**2 + 6*n - 13. Let k be (60/(-35))/((2/(-6))/(21/(-18))). Give m(k).
23
Let m(k) = k + 2. Let a(c) = -c - 7. Let f(g) = 3*g - 7. Let o be f(2). Let h(d) = o*a(d) - 2*m(d). Suppose 15 = 2*l + 1. Give h(l).
-4
Let c(m) = m**2 - 3*m. Let v be 5/2 - (-27)/(-18) - -4. Suppose v*r = -4*p + 35, -5 + 22 = p + 4*r. Determine c(p).
10
Let f(t) = -64*t**2 + 511*t - 15. Let z be f(8). Let u(r) = 8*r + 172. Give u(z).
-12
Suppose -5*c - 5*d - 40 = 0, -9*c + 3*d - 24 = -6*c. Let j(l) = 7*l + 51. Determine j(c).
-5
Let n be 4 - (56/(-24) + 6). Let h(l) be the first derivative of -4*l - 4 + 1/2*l**2 + n*l**3. What is h(-3)?
2
Let i = -34 - -46. Let v be ((-2)/4)/(i/(-72)). Let j(t) = -14*t**3 - 4*t**2 + 7*t**3 + 3 + 6*t**v. Give j(-4).
3
Let j(k) = -12*k - 26. Let p be j(-5). Suppose -l = -p - 0. Let u(n) = 51 + n - l - 23. Determ